{"id":79,"date":"2025-10-28T15:39:32","date_gmt":"2025-10-28T08:39:32","guid":{"rendered":"https:\/\/sieuvobeogiacam.com\/?post_type=product&#038;p=79"},"modified":"2025-11-13T08:50:22","modified_gmt":"2025-11-13T01:50:22","slug":"sieu-vo-beo-gia-cam-30kg","status":"publish","type":"product","link":"https:\/\/sieuvobeogiacam.com\/index.php\/san-pham\/sieu-vo-beo-gia-cam-30kg\/","title":{"rendered":"SI\u00caU V\u1ed6 B\u00c9O GIA C\u1ea6M 30KG"},"content":{"rendered":"<article class=\"text-token-text-primary w-full focus:outline-none [--shadow-height:45px] has-data-writing-block:pointer-events-none has-data-writing-block:-mt-(--shadow-height) has-data-writing-block:pt-(--shadow-height) [&amp;:has([data-writing-block])&gt;*]:pointer-events-auto [content-visibility:auto] supports-[content-visibility:auto]:[contain-intrinsic-size:auto_100lvh] scroll-mt-[calc(var(--header-height)+min(200px,max(70px,20svh)))]\" dir=\"auto\" tabindex=\"-1\" data-turn-id=\"request-68f2083e-6b58-8322-b6ac-9ba017e7b1c9-8\" data-testid=\"conversation-turn-46\" data-scroll-anchor=\"true\" data-turn=\"assistant\">\n<div class=\"text-base my-auto mx-auto pb-10 [--thread-content-margin:--spacing(4)] thread-sm:[--thread-content-margin:--spacing(6)] thread-lg:[--thread-content-margin:--spacing(16)] px-(--thread-content-margin)\">\n<div class=\"[--thread-content-max-width:40rem] thread-lg:[--thread-content-max-width:48rem] mx-auto max-w-(--thread-content-max-width) flex-1 group\/turn-messages focus-visible:outline-hidden relative flex w-full min-w-0 flex-col agent-turn\" tabindex=\"-1\">\n<div class=\"flex max-w-full flex-col grow\">\n<div class=\"min-h-8 text-message relative flex w-full flex-col items-end gap-2 text-start break-words whitespace-normal [.text-message+&amp;]:mt-1\" dir=\"auto\" data-message-author-role=\"assistant\" data-message-id=\"bb434de8-278b-43d3-b03b-9d1b8bafb7df\" data-message-model-slug=\"gpt-5\">\n<div class=\"flex w-full flex-col gap-1 empty:hidden first:pt-[1px]\">\n<div class=\"markdown prose dark:prose-invert w-full break-words light markdown-new-styling\">\n<p data-start=\"390\" data-end=\"582\"><strong data-start=\"390\" data-end=\"425\">SI\u00caU V\u1ed6 B\u00c9O GIA C\u1ea6M HAPPY @ 30KG<\/strong> l\u00e0 d\u00f2ng s\u1ea3n ph\u1ea9m chuy\u00ean d\u1ee5ng cho <strong data-start=\"459\" data-end=\"500\">trang tr\u1ea1i v\u00e0 h\u1ed9 ch\u0103n nu\u00f4i quy m\u00f4 l\u1edbn<\/strong>, gi\u00fap <strong data-start=\"507\" data-end=\"580\">gia c\u1ea7m ph\u00e1t tri\u1ec3n v\u01b0\u1ee3t tr\u1ed9i, t\u0103ng tr\u1ecdng nhanh, gi\u1ea3m hao t\u1ed1n th\u1ee9c \u0103n.<\/strong><\/p>\n<p data-start=\"584\" data-end=\"611\">\ud83d\udcaa <strong data-start=\"587\" data-end=\"609\">C\u00f4ng d\u1ee5ng n\u1ed5i b\u1eadt:<\/strong><\/p>\n<ul data-start=\"612\" data-end=\"957\">\n<li data-start=\"612\" data-end=\"718\">\n<p data-start=\"614\" data-end=\"718\"><strong data-start=\"614\" data-end=\"637\">T\u0103ng tr\u1ecdng si\u00eau t\u1ed1c<\/strong> \u2013 gi\u00fap g\u00e0, v\u1ecbt, ngan, c\u00fat ph\u00e1t tri\u1ec3n \u0111\u1ed3ng \u0111\u1ec1u, nhanh \u0111\u1ea1t tr\u1ecdng l\u01b0\u1ee3ng xu\u1ea5t b\u00e1n.<\/p>\n<\/li>\n<li data-start=\"719\" data-end=\"801\">\n<p data-start=\"721\" data-end=\"801\"><strong data-start=\"721\" data-end=\"764\">Bung \u0111\u00f9i \u2013 \u0111\u1ea7y l\u01b0\u1eddn \u2013 n\u1edf m\u00f4ng \u2013 b\u1eadt c\u1ef1a<\/strong>, gi\u00fap gia c\u1ea7m s\u0103n ch\u1eafc, kh\u1ecfe m\u1ea1nh.<\/p>\n<\/li>\n<li data-start=\"802\" data-end=\"880\">\n<p data-start=\"804\" data-end=\"880\"><strong data-start=\"804\" data-end=\"826\">L\u00f4ng m\u01b0\u1ee3t \u2013 da \u0111\u1eb9p<\/strong>, h\u1ed7 tr\u1ee3 trao \u0111\u1ed5i ch\u1ea5t v\u00e0 h\u1ea5p thu dinh d\u01b0\u1ee1ng t\u1ed1i \u01b0u.<\/p>\n<\/li>\n<li data-start=\"881\" data-end=\"957\">\n<p data-start=\"883\" data-end=\"957\"><strong data-start=\"883\" data-end=\"904\">T\u0103ng s\u1ee9c \u0111\u1ec1 kh\u00e1ng<\/strong>, gi\u1ea3m b\u1ec7nh \u0111\u01b0\u1eddng ru\u1ed9t, h\u1ea1n ch\u1ebf c\u00f2i c\u1ecdc v\u00e0 hao h\u1ee5t.<\/p>\n<\/li>\n<\/ul>\n<p data-start=\"959\" data-end=\"1184\">\ud83e\uddea <strong data-start=\"962\" data-end=\"983\">Th\u00e0nh ph\u1ea7n ch\u00ednh:<\/strong><br data-start=\"983\" data-end=\"986\" \/>Vitamin A, D3, E, K3, B1, B2, B6, B12, Lysine, Methionine, Canxi, Photpho, Biotin, Folic acid, kho\u00e1ng vi l\u01b0\u1ee3ng (Cu, Zn, Fe, Mn, I, Co, Se), enzyme ti\u00eau h\u00f3a, men vi sinh v\u00e0 ch\u1ea5t k\u00edch th\u00edch \u0103n m\u1ea1nh.<\/p>\n<p data-start=\"1186\" data-end=\"1205\">\ud83d\udca7 <strong data-start=\"1189\" data-end=\"1203\">C\u00e1ch d\u00f9ng:<\/strong><\/p>\n<ul data-start=\"1206\" data-end=\"1333\">\n<li data-start=\"1206\" data-end=\"1265\">\n<p data-start=\"1208\" data-end=\"1265\"><strong data-start=\"1208\" data-end=\"1225\">Giai \u0111o\u1ea1n \u00fam:<\/strong> 1g\/1\u20131.5 l\u00edt n\u01b0\u1edbc ho\u1eb7c 1g\/1kg th\u1ee9c \u0103n<\/p>\n<\/li>\n<li data-start=\"1266\" data-end=\"1333\">\n<p data-start=\"1268\" data-end=\"1333\"><strong data-start=\"1268\" data-end=\"1293\">Giai \u0111o\u1ea1n t\u0103ng tr\u1ecdng:<\/strong> 1g\/1\u20132 l\u00edt n\u01b0\u1edbc ho\u1eb7c 1g\/1.5kg th\u1ee9c \u0103n<\/p>\n<\/li>\n<\/ul>\n<p data-start=\"1335\" data-end=\"1584\" data-is-last-node=\"\" data-is-only-node=\"\">\ud83c\udfed <strong data-start=\"1338\" data-end=\"1355\">S\u1ea3n xu\u1ea5t b\u1edfi:<\/strong> C\u00d4NG TY C\u1ed4 PH\u1ea6N HI\u1ec0N VINH T\u00c0I \u0110\u1ee8C PH\u00daC HAPPY <strong data-start=\"25\" data-end=\"72\">@<\/strong> \u2013 thu\u1ed9c <strong data-start=\"1410\" data-end=\"1441\">T\u1eadp \u0111o\u00e0n \u0110\u1ee9c H\u1ea1nh Marphavet<\/strong><br data-start=\"1441\" data-end=\"1444\" \/>\ud83d\udce6 <strong data-start=\"1447\" data-end=\"1460\">Quy c\u00e1ch:<\/strong> 30KG<br data-start=\"1465\" data-end=\"1468\" \/>\u2705 <strong data-start=\"1470\" data-end=\"1527\">\u0110\u1ea1t ti\u00eau chu\u1ea9n GMP-WHO \u2013 An to\u00e0n, hi\u1ec7u qu\u1ea3, ti\u1ebft ki\u1ec7m<\/strong><br data-start=\"1527\" data-end=\"1530\" \/>\ud83d\udd25 <strong data-start=\"1533\" data-end=\"1584\" data-is-last-node=\"\">Khuy\u1ebfn m\u00e3i 35% \u2013 Mi\u1ec5n ph\u00ed v\u1eadn chuy\u1ec3n to\u00e0n qu\u1ed1c!<\/strong><\/p>\n<\/div>\n<\/div>\n<\/div>\n<\/div>\n<div class=\"z-0 flex min-h-[46px] justify-start\"><\/div>\n<div class=\"mt-3 w-full empty:hidden\">\n<div class=\"text-center\"><\/div>\n<\/div>\n<\/div>\n<\/div>\n<\/article>\n<div class=\"pointer-events-none h-px w-px\" aria-hidden=\"true\" data-edge=\"true\"><\/div>\n","protected":false},"excerpt":{"rendered":"<p><strong data-start=\"25\" data-end=\"72\">SI\u00caU V\u1ed6 B\u00c9O GIA C\u1ea6M HAPPY @ \u2013 Quy c\u00e1ch: 30KG<\/strong><br data-start=\"72\" data-end=\"75\" \/>Gi\u1ea3i ph\u00e1p <strong data-start=\"85\" data-end=\"114\">si\u00eau t\u0103ng tr\u1ecdng to\u00e0n di\u1ec7n<\/strong> cho m\u1ecdi m\u00f4 h\u00ecnh ch\u0103n nu\u00f4i.<br data-start=\"141\" data-end=\"144\" \/>Gi\u00fap <strong data-start=\"149\" data-end=\"229\">bung \u0111\u00f9i \u2013 \u0111\u1ea7y l\u01b0\u1eddn \u2013 n\u1edf m\u00f4ng \u2013 m\u01b0\u1ee3t l\u00f4ng \u2013 b\u1eadt c\u1ef1a \u2013 l\u1edbn nhanh \u2013 kh\u1ecfe m\u1ea1nh.<\/strong><br data-start=\"229\" data-end=\"232\" \/>S\u1ea3n ph\u1ea9m \u0111\u1ea1t <strong data-start=\"245\" data-end=\"267\">ti\u00eau chu\u1ea9n GMP-WHO<\/strong>, an to\u00e0n \u2013 hi\u1ec7u qu\u1ea3 \u2013 ti\u1ebft ki\u1ec7m chi ph\u00ed.<br data-start=\"308\" data-end=\"311\" \/>\ud83d\udd25 <strong data-start=\"314\" data-end=\"359\">\u01afu \u0111\u00e3i \u0111\u1eb7c bi\u1ec7t 35% \u2013 Freeship to\u00e0n qu\u1ed1c!<\/strong><\/p>\n","protected":false},"featured_media":80,"comment_status":"open","ping_status":"closed","template":"","meta":[],"product_brand":[],"product_cat":[16],"product_tag":[],"class_list":{"0":"post-79","1":"product","2":"type-product","3":"status-publish","4":"has-post-thumbnail","6":"product_cat-chua-phan-loai","8":"first","9":"instock","10":"sale","11":"shipping-taxable","12":"purchasable","13":"product-type-simple"},"jetpack_sharing_enabled":true,"_links":{"self":[{"href":"https:\/\/sieuvobeogiacam.com\/index.php\/wp-json\/wp\/v2\/product\/79","targetHints":{"allow":["GET"]}}],"collection":[{"href":"https:\/\/sieuvobeogiacam.com\/index.php\/wp-json\/wp\/v2\/product"}],"about":[{"href":"https:\/\/sieuvobeogiacam.com\/index.php\/wp-json\/wp\/v2\/types\/product"}],"replies":[{"embeddable":true,"href":"https:\/\/sieuvobeogiacam.com\/index.php\/wp-json\/wp\/v2\/comments?post=79"}],"wp:featuredmedia":[{"embeddable":true,"href":"https:\/\/sieuvobeogiacam.com\/index.php\/wp-json\/wp\/v2\/media\/80"}],"wp:attachment":[{"href":"https:\/\/sieuvobeogiacam.com\/index.php\/wp-json\/wp\/v2\/media?parent=79"}],"wp:term":[{"taxonomy":"product_brand","embeddable":true,"href":"https:\/\/sieuvobeogiacam.com\/index.php\/wp-json\/wp\/v2\/product_brand?post=79"},{"taxonomy":"product_cat","embeddable":true,"href":"https:\/\/sieuvobeogiacam.com\/index.php\/wp-json\/wp\/v2\/product_cat?post=79"},{"taxonomy":"product_tag","embeddable":true,"href":"https:\/\/sieuvobeogiacam.com\/index.php\/wp-json\/wp\/v2\/product_tag?post=79"}],"curies":[{"name":"wp","href":"https:\/\/api.w.org\/{rel}","templated":true}]}}